Let m(v) = d*s(v) + t*p(v). Determine m(4).
4
Let d(r) = -r**3 - 2*r**2 - 2*r. Let b(s) = -s - 4. Let q be b(-6). Let m = 5 - q. Let l = -5 + m. What is d(l)?
4
Let u(k) be the first derivative of k**3/3 - 7*k**2/2 - 6*k - 160. Let m be 5 - (0 + 0 - 1). What is u(m)?
-12
Let j(f) = 2*f**2 + 2*f + 3. Let h be j(-2). Let c be 4/6*9/3. Let z(v) = 1 + h + c - v. Calculate z(5).
5
Let l(k) = -9*k + 4. Let u(j) = -5*j + 2. Let b(f) = -3*l(f) + 5*u(f). Let g = -4 + 7. Determine b(g).
4
Let x(n) be the first derivative of -1/4*n**4 + 0*n**2 - 5/3*n**3 + 4 + 4*n. What is x(-5)?
4
Let y(t) = 199*t**3 - 198*t**3 - 3 + 4 + 2*t + t**2 + 0. Suppose -5*z + 4*p - 24 = -z, -p = -4. Calculate y(z).
-7
Let f(l) = -6*l - 7. Let i be f(-2). Let h(g) = -g**2 + 5*g + 1. What is h(i)?
1
Suppose 0 = 3*w - w + 8. Let d(q) = 2*q**2 + 7*q + 6. Determine d(w).
10
Let l(o) = 4*o**2 - 4*o - 2. Let p(a) = -11*a**2 + 11*a + 6. Let c be 1*(-12)/(-10)*5. Let i(u) = c*p(u) + 17*l(u). Suppose 2*b - 6 = -2. Give i(b).
6
Let r(h) = 9 - 1 - 7 - 7*h. Let o(k) = -k**3 - k**2 + k - 1. Let f be o(1). Let n(q) = -29*q + 5. Let w(s) = f*n(s) + 9*r(s). Calculate w(1).
-6
Let b(y) = 5*y + 2. Suppose 0 = 2*r + u - 6, -3*r + 20 = -4*u. Suppose -7 - 1 = r*i. Give b(i).
-8
Let d(q) = 6. Let v(g) = g + 13. Let z(y) = 5*d(y) - 2*v(y). Calculate z(5).
-6
Let x(d) be the third derivative of -d**4/24 - 13*d**3/6 - 7*d**2. What is x(0)?
-13
Let m(g) = 4*g**3 + 3*g**2 - 14*g**3 + 11*g**3 + 1 - 2. Let j be m(-3). Let q(p) = 10*p + 1. Calculate q(j).
-9
Suppose 6*n = 5*n - 1. Let d(v) = -6*v**2 - v. Give d(n).
-5
Suppose q + 40 = -7*q. Let a(m) = -m**2 - 5*m + 6. What is a(q)?
6
Let v be (-8)/(-16)*(1 + -1). Suppose a + 0*a = i + 2, 5 = a. Let y = v - i. Let l(d) = d**3 + 5*d**2 + 4*d. Determine l(y).
6
Let l(f) = -2*f - 3. Let p be (5/15)/((-2)/(-30)). Let i(y) = 3*y + y - 3*y + p. Let q be i(-7). Determine l(q).
1
Let v be (-1 + 12 + -2)*2. Suppose -u - 5*y = -v, 2*y = 4*u - 2*y + 48. Let o = u - -8. Let s(n) = -2*n. What is s(o)?
-2
Let c(n) = -2*n - 13. Let m be c(-9). Let t(r) = -2 - 4*r + m*r - 1. Suppose l = -0*l + 3. What is t(l)?
0
Suppose -5 = -a, -a = c - 0*c - 9. Let h = 5 - c. Let b(o) = 2*o**3 + o**2 - o + 1. Calculate b(h).
3
Let j(s) be the third derivative of s**7/360 + s**6/720 - s**4/12 - 2*s**2. Let r(p) be the second derivative of j(p). What is r(-1)?
6
Let s(r) = 3*r**2 + 1. Let z be (-2)/8 - 10/(-8). Let a be s(z). Let m(p) = 5*p**2 + 2*p - p**3 - 6*p + 3 + 3. Calculate m(a).
6
Let y = 13 + -4. Let h(x) = -3*x**3 - 3*x**2 + 6*x + 8. Let z(m) = -13*m**3 - 11*m**2 + 23*m + 32. Let a(i) = y*h(i) - 2*z(i). Give a(-6).
-4
Let c(t) be the third derivative of -1/8*t**4 - 1/30*t**5 + 0 - t**2 + 0*t**3 + 0*t. What is c(-2)?
-2
Let m(j) = -j**2 - 6 + 4*j - 12*j + 1 + 0. Determine m(-7).
2
Let b(p) = 4*p - 4 + 4*p + 2*p - 5*p. Give b(3).
11
Let i(y) = -1 + 0*y**2 + 5*y + 3*y**2 - 12*y**3 + 11*y**3. Give i(4).
3
Let y = 12 - 11. Let g(w) = -5 - w + 1 + y + 4. Calculate g(6).
-5
Let v be ((-2)/(-5))/(5/25). Let o(y) = -2 + y**v + 3*y + 0 + 2*y + 0*y. Calculate o(-3).
-8
Let f(t) = -t**2 + 7*t - 5. Let a(o) = -3*o**2 + 22*o - 16. Let g(b) = 2*a(b) - 7*f(b). Let l = -10 - -20. Let z = l + -6. Give g(z).
-1
Let n(f) = 3*f**2 - 4*f + 2. Suppose -3*r + 1 + 5 = 0. What is n(r)?
6
Let s(v) be the third derivative of 0 + 0*v**3 + v**2 - 7/24*v**4 + 0*v. Calculate s(1).
-7
Let w(o) be the second derivative of o**5/4 - o**4/12 - o**3/6 + o**2/2 - 5*o. Let m(k) = k**2 - k + 1. Let l be m(-2). Suppose l = 5*q + 2. Give w(q).
4
Let k(m) = -6*m - 4. Let x(i) = 7*i + 4. Let d(t) = t**2 - 14*t - 10. Let b be d(15). Let y(z) = b*x(z) + 6*k(z). Let g be 2 - (-1 + -1 + 1). Give y(g).
-7
Let f(d) = 2*d + 3. Let l be (-4)/(-3) - 2/(-3). Let y be (7 + -11)/(l*1). Calculate f(y).
-1
Let w(x) = x**3 - x + 1. Suppose -4*z - 3 = 4*s - 23, 5*z - 5*s = -15. Determine w(z).
1
Let c be (2/4)/(12/(-24)). Let n(b) be the third derivative of 3*b**6/40 + b**5/60 + b**4/12 + b**3/6 - b**2. What is n(c)?
-9
Let y(k) be the third derivative of k**6/120 - k**4/12 + k**3/3 + k**2. Let o be 6/4*(2 - -2). Suppose d - 3*z = -4 - o, 0 = 5*z - 20. Give y(d).
6
Let n(z) be the third derivative of -5*z**4/8 + z**3/6 - 8*z**2. Give n(-1).
16
Let j(h) = -h**2 - 5*h + 5. Suppose -14 = -53*l + 55*l. Give j(l).
-9
Let p(f) = -f + 5*f**3 - 8*f**2 - 4*f**3 + 6*f**2. Calculate p(2).
-2
Let s(i) = i + 1. Suppose 2*x - 16 = 2. Let b = 10 - x. Give s(b).
2
Let y be 7 + (-3 - (3 + -1)). Let h(c) = 4*c**3 - 2*c**2 - 1. Determine h(y).
23
Suppose 0*h + 2*h + 18 = 2*o, 2*h = o - 13. Suppose -3*m = -2*m + x - 8, -o*x + 25 = 0. Let j(p) = p**3 - 2*p**2 - 4*p + 2. What is j(m)?
-1
Let r(p) be the first derivative of p**2/2 - 5*p + 6. Determine r(0).
-5
Let j(d) = d**3 + 2*d**2 - 3*d + 4. Let g = 4 + -7. Let a be j(g). Let w(t) = t**3 - 5*t**2 + 5*t - 4. What is w(a)?
0
Let n(f) be the third derivative of f**5/60 + f**4/8 - f**3/2 - f**2. Suppose 0*j + 45 = 3*j. Let y be (-3)/j + 38/(-10). What is n(y)?
1
Suppose 0 = 3*x + 6, -5*q - 3*x + 0 = -4. Let y(i) be the third derivative of i**6/120 - i**5/60 + i**4/24 - i**3/6 - i**2. Calculate y(q).
5
Let t(w) = w + 10. Let n(p) = 4*p**2 - 10*p + 1. Let j(a) = -5*a**2 - 1 - 5*a + 5*a + 11*a. Let r(l) = 5*j(l) + 6*n(l). Let b be r(-6). Determine t(b).
5
Let x = 19 - 21. Let y(u) = 2*u**3 - u**2 + 4*u + 3. Give y(x).
-25
Let b(y) = -2 + y**2 + y - 2*y + 0*y**2. Let s(j) = -2*j**3 - j**2 + j + 2. Let n be s(-1). Let p be (1/n)/((-7)/(-42)). Give b(p).
4
Let t(d) = 3*d - 1. Let v be (-4)/(-3)*(20 - 14). Let w(q) = q - 11. Let k be w(v). Determine t(k).
-10
Let i(p) = -p**3 + 4*p**2 + 4*p + 2. Let q be (4/12)/(3/45). What is i(q)?
-3
Let z = 17 + -12. Let f(v) be the first derivative of -v**2 + 2. Give f(z).
-10
Suppose -2*n = -3*n - 5, -n - 6 = a. Let g(r) = 2 + 1 - 9*r**3 - 4. Determine g(a).
8
Let n be (-24)/(-6) - (0 + 1). Let x(f) = f**3 - f**2 - 4*f + 1. Calculate x(n).
7
Let y be (-3)/(-2) + (-3)/(-6). Let d(f) = 3*f**3 + 4*f - 3. Let b(r) = r**3 - r + 1. Let z(i) = y*b(i) + d(i). Determine z(1).
6
Let v(a) = a - 10. Let k be 3*(-6)/18*7. Determine v(k).
-17
Let s(c) = 52 - 53 - 4*c + 12*c. Determine s(-2).
-17
Let j(i) = 6 - 5*i - 12 + 2 + 6 + i**2. Determine j(3).
-4
Let n(j) = j**3 - j**2 + j + 2. Let m be n(0). Let z(u) = 9 - u**2 - 5*u - 2*u**m - 2 + 4*u**2. Determine z(5).
7
Suppose -4*p = -5*p + 6. Let b(j) = j**2 + j - 1. Let k(n) = -2*n**2 - 8*n + 7. Let d(i) = p*b(i) + k(i). Calculate d(1).
3
Suppose -3*x + 3 = -0*x. Let v be 0/3*(x - 0). Suppose -t - 2*l + 4*l = 0, v = -t - 4*l. Let c(i) = i**3 + i**2 - 5. What is c(t)?
-5
Let v(a) = -3*a. Let t(j) = 4*j. Let p(l) = 4*t(l) + 5*v(l). Let u(y) = 7. Let q(w) = -p(w) + u(w). Determine q(6).
1
Suppose 0 = h - 1 - 1. Let r(g) be the second derivative of g**4/12 + g**3/3 - 3*g**2/2 + g. What is r(h)?
5
Suppose -5*n - 15 = -4*s, s = -2*n - n - 9. Let x(f) = f - 7. Determine x(s).
-7
Let a(t) = -7*t**2 + 1. Let x = -17 - -31. Let r = x + -20. Let h be r/9 + (-2)/6. Calculate a(h).
-6
Let u(r) = 6*r**3 - r**2 - 5*r + 1. Let t(m) = -7*m**3 + m**2 + 6*m - 1. Let a(p) = -5*t(p) - 6*u(p). Let c = -71 - -72. What is a(c)?
-1
Let b(z) be the third derivative of -z**7/2520 - z**6/720 - z**5/60 - 5*z**2. Let q(m) be the third derivative of b(m). Give q(-3).
5
Let z(d) = 2*d - 3. Let c(b) = 10*b - 16. Let a(r) = -2*c(r) + 11*z(r). Determine a(6).
11
Let b be (2/(-1))/(4/2). Let q be (1 - 1)/2 - -1. Let z(d) = -q + 2 - 3*d + d. Give z(b).
3
Let v(p) = -p + 2. Suppose 3*w - 12 = 18. Let q = w - 7. What is v(q)?
-1
Suppose 0 = -4*i + 6*i - 6. Suppose -4 - 11 = i*q. Let m(t) = -t**2 - 9*t + 6. Let f(o) = -2*o**2 - 17*o + 12. Let d(a) = -4*f(a) + 7*m(a). What is d(q)?
-6
Suppose -4*y = -0*a + 5*a - 27, 0 = -y - a + 6. Let t(o) = -o**3 + 4*o**2 - 2. Calculate t(y).
7
Suppose 0 = 3*h - 8 - 1. Let m(w) = 6 + 2*w + 4 - h*w - 2. Calculate m(4).
4
Let o(a) = 2 + 2*a + 0*a**3 + a**3 + 6*a**2 + 0*a**2. Calculate o(-6).
-10
Let j(u) = 5*u - 2. Let g(b) = 2 + b**3 + 2 + 7*b**2 - 8*b - 3 + 2. Let z be g(-8). Calculate j(z).
13
Let d(a) = a**3 + 2*a**2 + 3*a + 2. Let k be -3 + 0 + 6 + -5. Give d(k).
-4
Let h(g) = 3*g + 6. Let l(q) = -4*q - 6. Let c(t) = 7*h(t) + 6*l(t). Determine c